et r(i) = -4*i. Let m(l) be the first derivative of l**2/2 + l - 1. Let j(v) = 3*m(v) + r(v). What is the units digit of j(-5)?
8
Let g be (-3)/(-4) + (-2)/(-8). Let z = g - -2. Suppose -z*a = -3*r - 33, 2*r + r = 2*a - 26. What is the units digit of a?
7
Let i be 0/((2 - 1)/(-1)). Let s = 22 - 11. Suppose 0 = -m - i + s. What is the units digit of m?
1
Let m(u) = u**2 - 3*u + 1. Suppose 12 = 3*q - 0*q. What is the units digit of m(q)?
5
Let i = -4 + 5. What is the tens digit of (-9)/((-1)/3*i)?
2
Let b(a) = 6*a + 11. What is the tens digit of b(16)?
0
Let l be (0 + (-5)/2)*(-4)/5. Let r(w) = -w**3 - 2*w**2 + w - 3. Let f be r(-3). Suppose h + l*h - f = 0. What is the units digit of h?
1
Let b(p) = p**2 + 6*p - 5. Let u be b(-7). Suppose 10 + u = 2*d. What is the units digit of -10*(3/d)/(-1)?
5
Suppose 3*z + 2*z = -30. Suppose -20 = 4*y + y. What is the units digit of (z/(-4))/((-2)/y)?
3
Suppose -5*d + 2*d - 267 = 0. Let n = -62 - d. Suppose -n = -a - 2*a. What is the units digit of a?
9
Let u be 2/(-8) - 75/(-12). Suppose 3*t - u = t. Suppose t*p = 2 + 1. What is the units digit of p?
1
Let t(m) = 4*m - 2 + m - 1. Let y be t(3). Suppose 5*w - 4 - 4 = -d, 0 = 2*w - 4*d - y. What is the units digit of w?
2
Suppose 4*r = 170 + 406. What is the tens digit of r?
4
Suppose -p = f - 100, 3*p + 116 = -2*f + 3*f. What is the units digit of f?
4
Let n(a) = -1 - 4*a**2 - 3*a + 3*a**2 + 2*a**2 - 2. Let d be n(-2). Suppose d*k - 2*k - 40 = 0. What is the units digit of k?
8
Let c = 337 - 176. Let z = c + -107. What is the units digit of z?
4
Suppose -5*v = -218 - 1822. What is the units digit of v?
8
Let m(d) = 14*d**2 + 6. What is the hundreds digit of m(3)?
1
Suppose 0*c = -c. Suppose c = 4*q - 93 + 21. What is the units digit of q?
8
Suppose -23 = -o + 24. What is the units digit of o?
7
Let z(d) = -d**2 + 37*d - 75. What is the hundreds digit of z(22)?
2
Let i be (-1)/(-3)*(3 + 0). Let g be -1 - ((i - 1) + -6). Let y = g - 2. What is the units digit of y?
3
Let n(j) = 3 - j - 3*j + 7*j + 1. Let m(u) = -u**2 + 7*u - 7. Let c be m(5). What is the units digit of n(c)?
3
Let v(d) = -4*d + 4. What is the units digit of v(-5)?
4
Let v = 48 - 17. What is the units digit of v?
1
Let k be 24/15*25/10. Suppose k - 7 = -o. What is the units digit of o?
3
Let q(g) = 8*g + 2. Let i be q(-2). Let j be 46/(-14) - 4/i. Let k(s) = -s**2 - 7*s - 3. What is the units digit of k(j)?
9
Suppose 52 = -3*z - 203. What is the units digit of (-20)/(-50)*z/(-1)?
4
Suppose 2*l = 4*k - 20, -3*k - 3*l = 1 + 2. What is the units digit of 13/k - (-34)/51?
5
Let w(r) = r**2 - 3 - 2 + 2*r**3 + 4 - 4*r**3. What is the units digit of w(-2)?
9
Suppose -2*v = 2*t - 3*t - 35, 5*t = -3*v - 110. Let m = -9 - t. What is the units digit of m?
6
Suppose 0 = -0*j - j + 8. Suppose -2*n = -3*n + j. What is the units digit of n?
8
Let a(t) = t**3 + 11*t**2 + 9*t + 10. What is the units digit of a(-10)?
0
Suppose l - 18 = -y - 3*l, -5*y = -4*l - 210. What is the tens digit of y?
3
Suppose -26 = -3*h - 5*w, 2*w - 23 - 9 = -3*h. What is the tens digit of h?
1
Let b(r) = 16*r + 20. Let u be b(-7). Let z = u + 133. What is the tens digit of z?
4
Let j = -5 + 3. Let y(g) = 2*g**2 + g. What is the units digit of y(j)?
6
Suppose 0 = 3*r - 4*l - 10, -3*r = -6*r - l + 5. Let i(v) be the first derivative of -v**4/4 + 4*v**3/3 + v**2/2 - 2*v - 1. What is the units digit of i(r)?
8
Suppose 5*b + w = 543, -b - 6*w = -3*w - 117. What is the tens digit of b?
0
Let u(r) = 6*r - 3. What is the tens digit of u(8)?
4
Suppose 5*p + 4*n - 45 - 193 = 0, 5*n = -4*p + 194. What is the tens digit of p?
4
Suppose -70 = 2*k - 0*k + g, 0 = 2*k + 2*g + 68. What is the units digit of ((-3)/6)/(3/k)?
6
Let s(y) = 2*y**3 - 13*y**2 - 3*y. What is the tens digit of s(7)?
2
Let p = 6 + -4. Suppose -4*i + p + 2 = 0. What is the units digit of i?
1
Let u(r) be the third derivative of r**6/120 - 2*r**5/15 + 5*r**4/12 - r**3 + 4*r**2. What is the units digit of u(7)?
5
Let b(g) = -4*g + 6. What is the tens digit of b(-8)?
3
What is the units digit of 16/64 - (873/(-12) + 2)?
1
Let d(w) = -21*w**3 + 4*w + 3. What is the tens digit of d(-1)?
2
Let q be (62/(-5))/(4/(-10)). Suppose k - 7 = q. What is the tens digit of k?
3
Let u(j) = 4*j - 13. Suppose -9 = g - 2*g. What is the units digit of u(g)?
3
Suppose 7*p = 4*p + 21. Let q(b) be the third derivative of b**4/24 - b**3 - b**2. What is the units digit of q(p)?
1
Suppose 5*s = 6*g - 5*g + 15, 4*s + 4 = 4*g. Suppose -7 = -h - 5*c, 41 = 3*h - c + s. What is the tens digit of h?
1
What is the tens digit of 594/(-45)*(-5)/1?
6
Let z(t) = 2*t**2 + 8*t - 6. Let y be ((-8)/(-10))/((-2)/15). What is the units digit of z(y)?
8
Let t be (24/(-20))/((-3)/20). Let f = t - 4. Let z = 0 + f. What is the units digit of z?
4
Suppose -2*w + 0*w = -6. What is the units digit of w?
3
Let h = 162 - 265. What is the tens digit of h/(-7) + 4/14?
1
Suppose 5*z = 5*d - 365, 88 = d - 0*d + 4*z. What is the tens digit of d?
7
Suppose -4*a - v = 394, 5*v - 384 - 121 = 5*a. Let y = a - -69. What is the units digit of ((-14)/10)/(6/y)?
7
Suppose -60 = -4*j - 5*n + n, 3*j - n - 25 = 0. What is the units digit of j?
0
Let f be 0*(1 - 3/6). Let b be 0/6 - (f - -1). What is the units digit of (2/(-6))/(b/3)?
1
Let z(o) = o**3 - o**2 - 3*o + 3. Suppose 0*p - 2*p = -4. Let r be z(p). Let l = 3 + r. What is the units digit of l?
4
Suppose 3*m - 18 = -5*d + 5, 0 = 4*d + 5*m - 21. Suppose i = -11 - 24. What is the units digit of i/(-14)*d/2?
5
Suppose l - 2*n - 1 = 3, -3*l = 4*n - 32. Let t = -5 + l. What is the units digit of (t + 9)*(-2)/(-6)?
4
Let t = -107 - -171. What is the tens digit of t?
6
Let s be (-4)/(3 - 44/16). Let q = 39 + s. What is the tens digit of q?
2
Let z(p) = 81*p**2 + 3*p + 1. What is the units digit of z(2)?
1
Let r(i) be the second derivative of i**3/2 + 3*i. Let z be r(3). Suppose -10 = -o + z. What is the units digit of o?
9
What is the units digit of 6/(-18) + 262/3?
7
Let b(x) = -6*x - x - 4 + 5*x + x**2. What is the units digit of b(4)?
4
Let q be 0 - 1/(2/(-4)). Let f be (6/(-3) - -8) + 0. Suppose -4*g = q*w - 0*g - f, 2*g = -8. What is the units digit of w?
1
Suppose w - 4*v = 2*w - 37, 0 = -5*v + 15. What is the tens digit of w?
2
Let h(q) = q. Let b be h(4). Suppose 4*s + 2*l = 0, -2*s - b*l = 2*s + 4. What is the units digit of s?
1
Suppose 2*z - 13 = 3. What is the units digit of z?
8
Suppose 6*p - 3*p + 51 = 0. Let r(q) = q**2 + 15*q + 3. What is the tens digit of r(p)?
3
Let n(s) = s**3 + 5*s**2 + 2*s + 12. What is the units digit of n(-5)?
2
Let t = 447 - 316. What is the tens digit of t?
3
What is the units digit of (19 + -18)/((-1)/(-51))?
1
Suppose 2*q - 2 = 8. Let r(z) = -z**2 + 3*z + 3. Let o be r(q). What is the units digit of o*(1 - 2)*1?
7
Let u = 81 - 30. What is the tens digit of u?
5
Suppose -4*l + o + 6 + 9 = 0, -l = 2*o + 3. Suppose 3*f = -3*s + 3, -4 = -s - l*s - f. What is the units digit of s?
1
Let k be (-12)/(-15)*(-10)/4. Let f = k + 23. What is the tens digit of f?
2
Let c = -29 + 73. What is the tens digit of c?
4
Let m be (0 - -3 - -3) + -2. Suppose 0*t + 2*b = 3*t - 44, m = -b. What is the units digit of t?
2
Let x = 62 - 22. What is the units digit of x?
0
Let o(b) = 2*b**2 + 4*b - 4. Let y be o(-6). Let k = y + -30. What is the units digit of k?
4
Suppose 0*b = -5*b + 305. What is the tens digit of b?
6
Let y(z) = -z**3 - 10*z**2 - 2*z + 3. What is the units digit of y(-10)?
3
Let r be (-4)/(-14) + 456/21. Let u = -13 + r. What is the units digit of 1*u - (4 + -2)?
7
Suppose 5*t - 12 = 4*t. What is the units digit of t?
2
Let z(w) = -2*w + 4. Let q(t) = t + 1. Let s(m) = q(m) - z(m). Let x be s(2). Let f = x - -5. What is the units digit of f?
8
Let p(a) = -a**3 + 6*a**2 + 7*a + 1. What is the units digit of p(6)?
3
Let k = 95 - 57. What is the units digit of k?
8
Suppose -2 = -w + 4. Let q(z) = z - 4. Let l be q(w). Suppose l*v = 24 - 6. What is the units digit of v?
9
Suppose 4*n + 31 = -3*v, 3*v + 3*n = n - 29. What is the tens digit of ((-102)/v)/(4/12)?
3
What is the tens digit of (6 - 2 - 4) + 85?
8
Suppose 3*z = 4*u + 150 - 54, -2*z = -2*u - 46. What is the units digit of u/6*16/(-4)?
8
Let a(v) = 0*v**2 + 4*v + 2*v**3 - v - 2*v**2 - 4*v. What is t